alse
Is 94 a factor of 1182483?
False
Does 256 divide 212736?
True
Does 91 divide 89196?
False
Is 3 a factor of 43553?
False
Is 649 a factor of 864757?
False
Is 107 a factor of 2055149?
True
Does 11 divide 330099?
True
Is 508644 a multiple of 36?
True
Is 558077 a multiple of 115?
False
Is 412754 a multiple of 30?
False
Does 402 divide 973255?
False
Does 8 divide 120549?
False
Is 27 a factor of 4896737?
False
Is 12 a factor of 468075?
False
Is 5420752 a multiple of 5?
False
Does 16 divide 493238?
False
Is 68 a factor of 398118?
False
Is 263695 a multiple of 14?
False
Does 5 divide 43235?
True
Is 208 a factor of 963425?
False
Is 8 a factor of 662198?
False
Is 131115 a multiple of 15?
True
Does 310 divide 267530?
True
Is 25 a factor of 9039650?
True
Is 393 a factor of 193389?
False
Is 120 a factor of 176268?
False
Is 7 a factor of 550464?
False
Does 178 divide 3646753?
False
Does 56 divide 56983?
False
Does 40 divide 349120?
True
Is 251 a factor of 561572?
False
Does 1581 divide 3697592?
False
Is 30 a factor of 229074?
False
Is 5188565 a multiple of 5?
True
Does 130 divide 89030?
False
Is 7 a factor of 75460?
True
Is 7 a factor of 43232?
True
Is 176704 a multiple of 16?
True
Is 44 a factor of 332376?
True
Is 5958766 a multiple of 25?
False
Does 17 divide 1528307?
False
Does 798 divide 3975251?
False
Is 662 a factor of 8309177?
False
Does 52 divide 8547?
False
Does 81 divide 3429948?
False
Is 11 a factor of 375067?
True
Does 12 divide 26919?
False
Does 40 divide 21600?
True
Does 53 divide 306499?
True
Is 3922921 a multiple of 587?
True
Is 247 a factor of 145483?
True
Does 240 divide 519840?
True
Is 5578358 a multiple of 24?
False
Does 33 divide 71004?
False
Is 139 a factor of 1721237?
True
Does 256 divide 1516866?
False
Is 169 a factor of 46379?
False
Does 6 divide 1636624?
False
Does 16 divide 1524308?
False
Does 830 divide 2949231?
False
Is 1335458 a multiple of 12?
False
Is 4 a factor of 211760?
True
Is 54972 a multiple of 18?
True
Is 40540 a multiple of 10?
True
Is 531594 a multiple of 7?
True
Does 2 divide 116861?
False
Does 9 divide 430830?
True
Is 849945 a multiple of 48?
False
Is 111426 a multiple of 98?
True
Does 476 divide 429407?
False
Is 596757 a multiple of 181?
True
Is 42 a factor of 14490?
True
Is 305850 a multiple of 2?
True
Is 98 a factor of 2744298?
False
Is 13 a factor of 4082?
True
Is 143 a factor of 2215928?
True
Is 52 a factor of 328796?
True
Does 395 divide 2056263?
False
Is 4 a factor of 632734?
False
Does 11 divide 383508?
False
Does 426 divide 10827216?
True
Is 1168320 a multiple of 64?
True
Is 12 a factor of 102989?
False
Is 273539 a multiple of 59?
False
Does 61 divide 25250?
False
Does 12 divide 3714672?
True
Is 3088458 a multiple of 153?
True
Is 40 a factor of 1521058?
False
Does 29 divide 223127?
False
Is 27 a factor of 493803?
True
Is 222 a factor of 1141968?
True
Is 65 a factor of 5192096?
False
Does 3 divide 119798?
False
Is 1669753 a multiple of 883?
True
Does 50 divide 175800?
True
Does 55 divide 656150?
True
Is 26 a factor of 2540966?
False
Is 634 a factor of 3774417?
False
Does 18 divide 127368?
True
Does 58 divide 9446112?
True
Is 262 a factor of 1383098?
True
Is 14571755 a multiple of 34?
False
Does 27 divide 289865?
False
Is 3403415 a multiple of 567?
False
Is 2 a factor of 11602?
True
Is 29 a factor of 8936669?
True
Is 222376 a multiple of 44?
True
Is 5364848 a multiple of 1013?
True
Does 32 divide 4218624?
True
Is 25 a factor of 131750?
True
Does 839 divide 149878?
False
Does 8 divide 4651?
False
Is 222523 a multiple of 31?
False
Does 438 divide 5889499?
False
Is 295 a factor of 715080?
True
Does 7 divide 160317?
False
Is 3 a factor of 466573?
False
Is 74 a factor of 679690?
True
Is 494 a factor of 164103?
False
Does 1476 divide 3396979?
False
Is 120020 a multiple of 17?
True
Does 759 divide 4317766?
False
Is 22 a factor of 96822?
True
Does 163 divide 593705?
False
Does 44 divide 900333?
False
Is 3247 a multiple of 9?
False
Does 170 divide 163880?
True
Does 135 divide 1137105?
True
Is 13 a factor of 76102?
True
Is 751 a factor of 7274186?
True
Does 5 divide 114813?
False
Is 276 a factor of 6710825?
False
Is 230006 a multiple of 55?
False
Is 482 a factor of 1500371?
False
Is 68 a factor of 43656?
True
Is 2051 a factor of 4651668?
True
Is 40 a factor of 5835?
False
Does 10 divide 538145?
False
Is 1500333 a multiple of 9?
False
Does 3 divide 2229908?
False
Does 6 divide 72230?
False
Is 2949527 a multiple of 56?
False
Is 582837 a multiple of 42?
False
Does 252 divide 529956?
True
Does 4 divide 66392?
True
Is 115 a factor of 6975900?
True
Is 72 a factor of 416952?
True
Is 235980 a multiple of 76?
True
Is 1568892 a multiple of 12?
True
Does 114 divide 5775468?
True
Does 337 divide 269561?
False
Does 116 divide 113216?
True
Is 11 a factor of 1233287?
True
Is 26 a factor of 423635?
False
Does 101 divide 97465?
True
Is 3278536 a multiple of 99?
False
Is 18282 a multiple of 13?
False
Is 579600 a multiple of 240?
True
Does 36 divide 522072?
True
Is 16153162 a multiple of 204?
False
Is 256 a factor of 60913?
False
Is 877734 a multiple of 286?
True
Is 6492 even?
True
Does 579 divide 11114902?
False
Is 12 a factor of 19787652?
True
Does 31 divide 22165?
True
Is 99912 a multiple of 138?
True
Is 71 a factor of 9898?
False
Is 377045 a multiple of 365?
True
Is 8 a factor of 37278?
False
Does 949 divide 445081?
True
Does 785 divide 21136992?
False
Does 154 divide 210210?
True
Is 27 a factor of 3062475?
True
Is 439 a factor of 1532695?
False
Is 22695 a multiple of 29?
False
Is 408122 a multiple of 4?
False
Does 790 divide 1426740?
True
Is 18 a factor of 17010?
True
Is 150558 a multiple of 138?
True
Is 155 a factor of 143530?
True
Does 320 divide 5743194?
False
Does 57 divide 1269876?
False
Is 29 a factor of 948124?
False
Is 28 a factor of 907268?
False
Is 2327 a factor of 3017204?
False
Is 477744 a multiple of 12?
True
Does 16 divide 134002?
False
Is 54 a factor of 151740?
True
Is 1467710 a multiple of 634?
True
Is 263 a factor of 2989399?
False
Is 2517907 a multiple of 259?
False
Does 13 divide 2552368?
True
Is 1271100 a multiple of 224?
False
Is 7890 a multiple of 15?
True
Is 51 a factor of 560592?
True
Is 781237 a multiple of 569?
True
Is 244 a factor of 835758?
False
Is 293 a factor of 1058023?
True
Does 4 divide 59843?
False
Does 508 divide 1804924?
True
Does 213 divide 103841?
False
Is 99 a factor of 3455892?
True
Is 255 a factor of 286110?
True
Does 58 divide 1097592?
True
Is 19 a factor of 39729?
True
Does 7 divide 227754?
False
Does 42 divide 15327863?
False
Is 549234 a multiple of 32?
False
Does 640 divide 1322240?
True
Is 209710 a multiple of 313?
True
Does 310 divide 175043?
False
Is 9 a factor of 321651?
True
Does 12 divide 7878146?
False
Is 57894 a multiple of 69?
False
Does 5 divide 65109?
False
Is 409623 a multiple of 430?
False
Is 2980352 a multiple of 16?
True
Does 182 divide 100100?
True
Is 75 a factor of 3918675?
True
Does 104 divide 52312?
True
Does 7 divide 1328187?
True
Is 425 a factor of 10606725?
True
Does 34 divide 2040034?
True
Does 97 divide 2288687?
False
Does 10 divide 1423970?
True
Does 472 divide 417881?
False
Is 1236837 a multiple of 33?
False
Is 18 a factor of 112446?
True
Is 95 a factor of 359556?
False
Is 1916310 a multiple of 294?
False
Is 29861 a multiple of 3?
False
Is 28 a factor of 96488?
True
Is 16 a factor of 6231552?
True
Is 5 a factor of 269922?
False
Is 57 a factor of 21603?
True
Is 129342 a multiple of 119?
False
Is 8 a factor of 50376?
True
Is 67 a factor of 8109479?
True
Is 39536 a multiple of 87?
False
Is 5323560 a multiple of 8?
True
Is 873 a factor of 798795?
True
Is 163152 a multiple of 48?
True
Is 2180381 a multiple of 31?
False
Does 35 divide 20520605?
True
Does 468 divide 416718?
False
Does 74 divide 163796?
False
Does 80 divide 2590960?
True
Does 13 divide 57168?
False
Is 350550 a multiple of 15?
True
Is 75 a factor of 200268?
False
Is 686513 a multiple of 7?
False
Is 81044 a multiple of 10?
False
Does 92 divide 70564?
True
Is 30 a factor of 58800?
True
Does 3 divide 2780536?
False
Is 19290 a multiple of 5?
True
Is 208 a factor of 674544?
True
Is 111 a factor of 81030?
True
Is 277 a factor of 1148719?
True
Is 346 a factor of 4344376?
True
Is 10 a factor of 19630?
